u**2. What is the units digit of l(-4)?
6
Suppose c = 2*c. Suppose 3*t - 5 - 1 = c. What is the units digit of t*4/(-6)*-3?
4
Let h(r) = 4*r + 4. What is the units digit of h(4)?
0
Let r(z) = -57*z**3 - z**2 - z. Let w be r(-1). Let i = 87 - w. What is the tens digit of i?
3
Suppose 0*z = 5*z - 30. Let o(n) = -n**3 + 7*n**2 - 6*n + 5. Let h be o(5). Suppose -3*b + z = 0, -5*g + 2*b - h = -86. What is the units digit of g?
3
Suppose -110 = 5*w - 5*r, 2*w - r + 42 = -0*r. Let x be w/(-8)*(-8)/(-10). Suppose 28 = 3*l - 4*z, 5*l - x*l + 2*z - 4 = 0. What is the units digit of l?
4
Let y(b) = 2*b**3 - 2*b**3 - 2*b + 1 + 6*b**3. What is the units digit of y(1)?
5
Let l = 19 - -21. What is the tens digit of l?
4
Suppose -5*p = -10*p + 35. Let x(t) = -3*t**2 - 8*t - 13. Let n(m) = 2*m**2 + 7*m + 12. Let v(k) = -4*n(k) - 3*x(k). What is the tens digit of v(p)?
1
Let o(a) = -a**3 - 3*a**2 + 3*a - 3. Let c be o(-4). Suppose -c = -w + 4. Let l = w - 4. What is the units digit of l?
1
Let r(b) = -b**2 + 6*b - 5. Let f be r(4). What is the units digit of 37/f + (-3)/9?
2
Suppose -2*p + 31 = 5*s, -4*p + 6 = -4*s - 14. Let i be 4/(-2) - p*-1. Suppose -5*f + 2*q = -17, i*q - 2*q - 26 = -2*f. What is the units digit of f?
5
Let l be ((-1)/(-1))/((-3)/(-21)). Suppose l*v - 4*v = 81. What is the units digit of v/5 + 2/(-5)?
5
Suppose -h = -4*f + 28, 20 = -2*f + 4*f - 2*h. What is the units digit of f?
6
Let h(r) = 2*r**2 + 2*r + 3. Let o = 12 + -14. What is the units digit of h(o)?
7
Suppose 0 = 3*u - 2*f - 154, 6*u = 2*u - 5*f + 167. Suppose -z - 9 + u = 0. What is the tens digit of z?
3
Suppose 3*y + 5*b = 174, 0*y + 4*b - 65 = -y. What is the units digit of y?
3
Suppose -48 - 98 = -2*z. What is the tens digit of z?
7
Let s(j) = 3*j + 7. Let i be s(7). Suppose -i = 4*v - 9*v - 4*k, 3*v = -2*k + 16. What is the units digit of v?
4
Let u be 90/(-35)*14/(-3). Let i = -6 + u. Suppose -24 = 2*s - 4*f - i, 0 = -3*s + 4*f - 17. What is the units digit of s?
1
Let a(h) = 1. Let d(s) = 2*s - 4. Let z(l) = 4*a(l) + d(l). Let u be z(1). Suppose -15 - 1 = -u*k. What is the units digit of k?
8
Suppose -3*i + 5*c + 4 = 0, i + c = -3*i - 33. Let d(p) = p**3 + 7*p**2 - p + 5. What is the units digit of d(i)?
2
Suppose -7*h + 3*h = -12. Suppose m - 1 = h. Suppose m*y + y - 25 = 0. What is the units digit of y?
5
Let f be (53 + -1)*2/4. Suppose 4*k - f = -4*y + 34, -3*k + 15 = 0. What is the units digit of y?
0
Let d(p) = 2*p**2 - 17*p + 16. What is the units digit of d(8)?
8
Suppose -5*z = -4*l - 32, -2*l - 18 = -3*z - 0*l. Suppose -z = -4*b + 4*a, -b + 5 = 2*b - 5*a. Suppose 2*v + b*v - 6 = 0. What is the units digit of v?
3
Suppose 3*g - 12 = 3, 3*g - 19 = -2*n. Suppose -3 - 13 = -4*h. Suppose 0*p = n*p - h. What is the units digit of p?
2
Suppose -3*k = -2*b - 76, 4*b + 126 = 5*k - 0*k. Suppose -3*f = 4*w - 8, k = -5*w + 6. What is the units digit of f?
8
Suppose -2*z + o + 4*o + 3 = 0, -o = -z + 9. Suppose 46 + z = 5*y. What is the units digit of y?
2
Let a(m) = -m + 4. What is the units digit of a(-6)?
0
Suppose 17 = w + a, -4*w - 76 = -9*w + 4*a. Suppose -3 = -r + w. What is the tens digit of r?
1
Let n(g) = g**2 - 10*g + 3. Let i be n(9). Let h be 1/3 - 34/i. Let p = h + -4. What is the units digit of p?
2
Let o(m) = m**3 + 5*m**2 - 7*m. Let n be o(-6). Suppose -k = -4*q + 9, -n = 2*k + 3*q - 5*q. What is the units digit of 3/(k - -2) - -1?
4
Let w = 2 + 0. Suppose -1 - 1 = -w*u. Suppose 2*b = u + 23. What is the tens digit of b?
1
Let f(m) be the second derivative of -m**4/12 + 13*m**3/6 - 4*m**2 - 6*m. What is the tens digit of f(10)?
2
Suppose 5*c = 4*c + 35. Suppose -d = -5*y - 2*d + 12, -4*y + 2*d + 18 = 0. Suppose 5*m - y*o = -9 + c, 0 = m - 5*o - 14. What is the units digit of m?
4
Let u(g) = 3*g**2 - 15*g - 8. Let l(z) = -2*z**2 + 14*z + 9. Let i(b) = -4*l(b) - 3*u(b). What is the units digit of i(-8)?
2
Suppose 3*t = 4*w + 6, 2 = -5*w + 4*t - 5. Let f(q) = -q**3 + q**2 - q + 3. What is the tens digit of f(w)?
4
Let l(i) = i**3 - 7*i**2 + 8. Let j be l(7). Suppose -3*p + p = -j. Suppose 4*w - 10 = -3*g, -p*w = -5*g - 0 + 38. What is the units digit of g?
6
Let a(g) = g**3 - 6*g**2 - 6*g - 7. Let j be a(7). Let x = -4 - j. Let w = x + 15. What is the units digit of w?
1
Let m(u) = -u**3 - 7*u**2 + 7*u - 3. Let f be m(-8). Suppose 14 = f*s - 6. What is the units digit of s?
4
Let n(h) be the second derivative of -1/6*h**3 - 2*h + 0 - 1/2*h**2. What is the units digit of n(-3)?
2
Suppose 2 = s + 12. What is the tens digit of 165/s*(-8)/6?
2
Let g(u) = -u**3 + 2*u**2 + 2*u + 4. Let c be g(3). Let n = 6 - c. Suppose n*l - 1 = 34. What is the units digit of l?
7
Let i be ((-3)/12)/(4/(-368)). What is the units digit of i/(-4 + (-15)/(-3))?
3
Let p(d) = 282*d**3 + d**2 - 1. Let o be p(-1). Let k be o/(-4)*6/9. Suppose -v + 5*l = 8, 4*l + 21 = -2*v + k. What is the units digit of v?
7
Let p(h) = 3*h + 1. Let f be p(-3). Let z = -4 - f. Suppose -4*k + 3*d = -28, -38 = -5*k - d + z*d. What is the units digit of k?
0
Let j(o) = -2*o**3 - 3*o**2 + 2*o - 3. What is the units digit of j(-3)?
8
Suppose -b - 4 = 3*b. Let j = b + 2. Suppose -29 - j = -3*n. What is the units digit of n?
0
Let f = 71 - 147. Let m = -54 - f. What is the units digit of m?
2
Let q = -1 + 2. What is the units digit of q/(-1) - -2*13?
5
Let m(n) = n + 25. Let p be m(0). Suppose -g + 12 = 4*v, v - 4*g - 11 = -p. What is the units digit of v?
2
Suppose 4*c + c - 20 = 5*x, -x = -3*c + 16. Suppose 2*p = 2*b - 48, c*p - p = -4*b - 93. What is the units digit of (p/12)/(2/(-8))?
7
Let g(s) = -s**2 - 6*s - 2. Let p = 18 + -30. Let x = p - -8. What is the units digit of g(x)?
6
Let x(y) = -y**2 + 6*y + 1. Let m be x(6). Suppose 2 + m = 3*j. What is the units digit of j?
1
Suppose -336 = -4*w - t, -5*w + 340 = -w + 2*t. What is the units digit of w?
3
Let i(h) = 2*h**2 - h + 10. What is the tens digit of i(6)?
7
What is the hundreds digit of (-3)/(-12) - (-1305)/12?
1
Let k(m) be the second derivative of m**3/2 - 3*m**2/2 + 6*m. Let q = -1 + 3. What is the units digit of k(q)?
3
Suppose -3 = j, 3*j - 46 = -z - 4*z. What is the tens digit of z?
1
Suppose 0*a + 3*a + 78 = 0. Let k = a + 36. What is the units digit of k?
0
Suppose 0 = 4*c - 7*c + 60. Let i be ((-45)/c)/(3/80). What is the units digit of i/(-8)*2/3?
5
Suppose 3*s = 4*s. Suppose s = a - 3*a + 36. Let p = a + -10. What is the units digit of p?
8
Let q(p) = -p**3 - p**2 + 3*p + 3. Let a be q(-2). Let o = 3 + a. What is the units digit of o?
4
Let t be 5 + (-2)/(-2) + -1. Let p = 8 - t. What is the units digit of p?
3
Suppose -31 = -4*w + 13. Let k(d) = d + 4. What is the tens digit of k(w)?
1
Suppose x - 2 = -4, 2*z - 80 = -3*x. What is the tens digit of z?
4
Let h be ((-9)/12)/((-1)/4). Suppose -s - 4*s + h*k = -67, -3*k = 12. What is the tens digit of s?
1
What is the units digit of 31 - (2 - (-4 - -2))?
7
Let c be (4*1)/(-2 - -1). Let l = c - -3. What is the units digit of (l - -3)*-1 + 5?
3
What is the units digit of 3/(-5) - 17537/(-95)?
4
What is the tens digit of ((-2)/(-4))/(-1*(-6)/1164)?
9
Let d be -2 + 12 - (-2 + 3). What is the units digit of 0 + 0 + d + -1?
8
Suppose 36 = 4*k + 8. Let v = -6 + k. What is the units digit of v?
1
Let j = 423 - 299. What is the tens digit of j?
2
Let o(g) = -6*g**2 + 4*g + 4. Let a(w) = w**2 + 7*w. Let m be a(-6). Let h(q) = -3*q**2 + 2*q + 2. Let b(c) = m*o(c) + 11*h(c). What is the units digit of b(2)?
6
Suppose -t + 2 = 1. Suppose -a + 2*a = 3. Suppose -t = -4*h + 5*h - 2*u, a*h - 5*u - 1 = 0. What is the units digit of h?
7
Let q(g) be the first derivative of g**3/3 - 9*g**2/2 + 8*g + 1. What is the tens digit of q(11)?
3
Let w be 8*(1 + 2)/6. Suppose w*r - 48 = 4. What is the units digit of r?
3
Suppose -149 = -2*g - 45. What is the units digit of g?
2
What is the tens digit of (-2)/10 - 564/(-20)?
2
Let b(o) = -5*o**2 + 3*o + 3*o + 4*o**2 + 5. Let y be b(6). Suppose -5 = y*c - 6*c. What is the units digit of c?
5
Suppose -657 = -5*l - 3*z, -2*l - 4*z = -262 - 12. What is the units digit of l?
9
Let u be (2/(-2))/((-2)/(-22)). Let m = u + 16. Suppose -5*l = -s - 23, -5*l - m*s + 6 = 1. What is the units digit of l?
4
Let z be 76/18 - 2/9. Suppose 0 = -o + 4 + z. Let f = 15 - o. What is the units dig